{"id":636,"date":"2021-06-12T06:25:18","date_gmt":"2021-06-12T06:25:18","guid":{"rendered":"https:\/\/serene-meninsky.167-71-39-70.plesk.page\/index.php\/about\/"},"modified":"2024-01-30T10:11:19","modified_gmt":"2024-01-30T10:11:19","slug":"about","status":"publish","type":"page","link":"https:\/\/serene-meninsky.167-71-39-70.plesk.page\/index.php\/about\/","title":{"rendered":"About"},"content":{"rendered":"\t\t<div data-elementor-type=\"wp-page\" data-elementor-id=\"636\" class=\"elementor elementor-636\" data-elementor-post-type=\"page\">\n\t\t\t\t<div class=\"elementor-element elementor-element-98a421e e-flex e-con-boxed e-con e-parent\" data-id=\"98a421e\" data-element_type=\"container\" data-settings=\"{&quot;background_background&quot;:&quot;classic&quot;}\">\n\t\t\t\t\t<div class=\"e-con-inner\">\n\t\t<div class=\"elementor-element elementor-element-80d3247 e-con-full e-flex e-con e-child\" data-id=\"80d3247\" data-element_type=\"container\">\n\t\t\t\t<div class=\"elementor-element elementor-element-3021605 elementor-widget elementor-widget-heading\" data-id=\"3021605\" data-element_type=\"widget\" data-widget_type=\"heading.default\">\n\t\t\t\t<div class=\"elementor-widget-container\">\n\t\t\t\t\t<h1 class=\"elementor-heading-title elementor-size-default\">Unternehmen<\/h1>\t\t\t\t<\/div>\n\t\t\t\t<\/div>\n\t\t\t\t<\/div>\n\t\t\t\t\t<\/div>\n\t\t\t\t<\/div>\n\t\t<div class=\"elementor-element elementor-element-1c2d7cb e-flex e-con-boxed e-con e-parent\" data-id=\"1c2d7cb\" data-element_type=\"container\" data-settings=\"{&quot;background_background&quot;:&quot;classic&quot;}\">\n\t\t\t\t\t<div class=\"e-con-inner\">\n\t\t<div class=\"elementor-element elementor-element-a88364f e-con-full e-flex e-con e-child\" data-id=\"a88364f\" data-element_type=\"container\" data-settings=\"{&quot;background_background&quot;:&quot;classic&quot;}\">\n\t\t\t\t<div class=\"elementor-element elementor-element-fc90709 elementor-widget elementor-widget-image\" data-id=\"fc90709\" data-element_type=\"widget\" data-widget_type=\"image.default\">\n\t\t\t\t<div class=\"elementor-widget-container\">\n\t\t\t\t\t\t\t\t\t\t\t\t\t\t\t<img fetchpriority=\"high\" decoding=\"async\" width=\"1200\" height=\"500\" src=\"https:\/\/serene-meninsky.167-71-39-70.plesk.page\/wp-content\/uploads\/2024\/01\/Gebaeude.jpg\" class=\"elementor-animation-float attachment-full size-full wp-image-1378\" alt=\"\" srcset=\"https:\/\/serene-meninsky.167-71-39-70.plesk.page\/wp-content\/uploads\/2024\/01\/Gebaeude.jpg 1200w, https:\/\/serene-meninsky.167-71-39-70.plesk.page\/wp-content\/uploads\/2024\/01\/Gebaeude-300x125.jpg 300w, https:\/\/serene-meninsky.167-71-39-70.plesk.page\/wp-content\/uploads\/2024\/01\/Gebaeude-1024x427.jpg 1024w, https:\/\/serene-meninsky.167-71-39-70.plesk.page\/wp-content\/uploads\/2024\/01\/Gebaeude-768x320.jpg 768w\" sizes=\"(max-width: 1200px) 100vw, 1200px\" \/>\t\t\t\t\t\t\t\t\t\t\t\t\t\t\t<\/div>\n\t\t\t\t<\/div>\n\t\t\t\t<\/div>\n\t\t\t\t\t<\/div>\n\t\t\t\t<\/div>\n\t\t<div class=\"elementor-element elementor-element-b4db61d e-flex e-con-boxed e-con e-parent\" data-id=\"b4db61d\" data-element_type=\"container\" data-settings=\"{&quot;background_background&quot;:&quot;classic&quot;}\">\n\t\t\t\t\t<div class=\"e-con-inner\">\n\t\t<div class=\"elementor-element elementor-element-88e45cd e-con-full e-flex e-con e-child\" data-id=\"88e45cd\" data-element_type=\"container\">\n\t\t\t\t<div class=\"elementor-element elementor-element-6b65995 elementor-headline--style-highlight elementor-widget elementor-widget-animated-headline\" data-id=\"6b65995\" data-element_type=\"widget\" data-settings=\"{&quot;marker&quot;:&quot;double_underline&quot;,&quot;highlighted_text&quot;:&quot; gibt&#039;s nicht!&quot;,&quot;headline_style&quot;:&quot;highlight&quot;,&quot;loop&quot;:&quot;yes&quot;,&quot;highlight_animation_duration&quot;:1200,&quot;highlight_iteration_delay&quot;:8000}\" data-widget_type=\"animated-headline.default\">\n\t\t\t\t<div class=\"elementor-widget-container\">\n\t\t\t\t\t\t\t<h3 class=\"elementor-headline\">\n\t\t\t\t\t<span class=\"elementor-headline-plain-text elementor-headline-text-wrapper\">Geht nicht,<\/span>\n\t\t\t\t<span class=\"elementor-headline-dynamic-wrapper elementor-headline-text-wrapper\">\n\t\t\t\t\t<span class=\"elementor-headline-dynamic-text elementor-headline-text-active\"> gibt's nicht!<\/span>\n\t\t\t\t<\/span>\n\t\t\t\t<\/h3>\n\t\t\t\t\t\t<\/div>\n\t\t\t\t<\/div>\n\t\t\t\t<div class=\"elementor-element elementor-element-98ea8ac elementor-vertical-align-top elementor-widget elementor-widget-icon-box\" data-id=\"98ea8ac\" data-element_type=\"widget\" data-widget_type=\"icon-box.default\">\n\t\t\t\t<div class=\"elementor-widget-container\">\n\t\t\t\t\t\t\t<div class=\"elementor-icon-box-wrapper\">\n\n\t\t\t\n\t\t\t\t\t\t<div class=\"elementor-icon-box-content\">\n\n\t\t\t\t\n\t\t\t\t\t\t\t\t\t<p class=\"elementor-icon-box-description\">\n\t\t\t\t\t\tNach diesem Motto arbeiten wir seit \u00fcber 35 Jahren und haben uns als familiengef\u00fchrtes mittelst\u00e4ndisches Unternehmen \u00fcber die Landesgrenzen hinaus bekannt gemacht. Der Name Sieb- und Tampondruck Gailing KG steht f\u00fcr eine der f\u00fchrenden Druckereien aus dem Mittleren Neckarraum. Modernste, modular aufeinander abgestimmte Produktionsabl\u00e4ufe garantieren unseren Kunden ein Maximum an Service und Qualit\u00e4t.\t\t\t\t\t<\/p>\n\t\t\t\t\n\t\t\t<\/div>\n\t\t\t\n\t\t<\/div>\n\t\t\t\t\t\t<\/div>\n\t\t\t\t<\/div>\n\t\t\t\t<div class=\"elementor-element elementor-element-11f3152 elementor-widget elementor-widget-text-editor\" data-id=\"11f3152\" data-element_type=\"widget\" data-widget_type=\"text-editor.default\">\n\t\t\t\t<div class=\"elementor-widget-container\">\n\t\t\t\t\t\t\t\t\t<p>Aus unseren drei Gesch\u00e4ftsbereichen\u00a0<a href=\"https:\/\/gailing-druck.de\/industrielle-seriendrucke\/\"><strong>Industriedruck<\/strong><\/a>,\u00a0<a href=\"https:\/\/gailing-druck.de\/werbetechnik\/\"><strong>Werbetechnik<\/strong><\/a>\u00a0und<a href=\"https:\/\/gailing-druck.de\/textilveredelung\/\">\u00a0<strong>Textilien<\/strong><\/a>, ist mittlerweile eine stabile und ausgewogene Drei-S\u00e4ulen-Strategie entstanden. In allen Gesch\u00e4ftsbereichen gewinnen wir als zuverl\u00e4ssiger Lieferant stetig an Bedeutung.<\/p>\t\t\t\t\t\t\t\t<\/div>\n\t\t\t\t<\/div>\n\t\t\t\t<div class=\"elementor-element elementor-element-8be4b2e elementor-widget elementor-widget-text-editor\" data-id=\"8be4b2e\" data-element_type=\"widget\" data-widget_type=\"text-editor.default\">\n\t\t\t\t<div class=\"elementor-widget-container\">\n\t\t\t\t\t\t\t\t\t<p>Unser\u00a0<strong>technisches und handwerkliches K\u00f6nnen<\/strong>\u00a0und die \u00dcberzeugung, dass ein\u00a0<strong>erstklassiger Service<\/strong>\u00a0der Kern einer guten Partnerschaft mit anspruchsvollen Kunden ist, machen uns zum\u00a0<strong>professionellen\u00a0<\/strong>und<strong>\u00a0zuverl\u00e4ssigen Dienstleister<\/strong>.<\/p>\t\t\t\t\t\t\t\t<\/div>\n\t\t\t\t<\/div>\n\t\t\t\t<\/div>\n\t\t<div class=\"elementor-element elementor-element-1944903 e-con-full e-flex e-con e-child\" data-id=\"1944903\" data-element_type=\"container\">\n\t\t\t\t<div class=\"elementor-element elementor-element-4648f04 elementor-widget elementor-widget-text-editor\" data-id=\"4648f04\" data-element_type=\"widget\" data-widget_type=\"text-editor.default\">\n\t\t\t\t<div class=\"elementor-widget-container\">\n\t\t\t\t\t\t\t\t\t<p>Unser\u00a0<strong>technisches und handwerkliches K\u00f6nnen<\/strong>\u00a0und die \u00dcberzeugung, dass ein\u00a0<strong>erstklassiger Service<\/strong>\u00a0der Kern einer guten Partnerschaft mit anspruchsvollen Kunden ist, machen uns zum\u00a0<strong>professionellen\u00a0<\/strong>und<strong>\u00a0zuverl\u00e4ssigen Dienstleister<\/strong>.<\/p>\t\t\t\t\t\t\t\t<\/div>\n\t\t\t\t<\/div>\n\t\t\t\t<div class=\"elementor-element elementor-element-c0c92f9 elementor-widget elementor-widget-text-editor\" data-id=\"c0c92f9\" data-element_type=\"widget\" data-widget_type=\"text-editor.default\">\n\t\t\t\t<div class=\"elementor-widget-container\">\n\t\t\t\t\t\t\t\t\t<p>Um allen Ihren Anspr\u00fcchen gerecht zu werden, setzen wir\u00a0<strong>mehrere Drucktechniken<\/strong>\u00a0ein. Durch diese Vielseitigkeit ist es uns m\u00f6glich, Ihre Ideen und<strong>\u00a0individuellen Bed\u00fcrfnisse<\/strong>\u00a0zu realisieren. Unsere\u00a0<strong>\u00fcber 30 Mitarbeiterinnen und Mitarbeiter<\/strong>\u00a0sind hochmotiviert und identifizieren sich mit unserem Unternehmen und den Qualit\u00e4tsvorstellungen unserer Kunden.<\/p>\t\t\t\t\t\t\t\t<\/div>\n\t\t\t\t<\/div>\n\t\t\t\t<div class=\"elementor-element elementor-element-aa81d12 elementor-widget elementor-widget-text-editor\" data-id=\"aa81d12\" data-element_type=\"widget\" data-widget_type=\"text-editor.default\">\n\t\t\t\t<div class=\"elementor-widget-container\">\n\t\t\t\t\t\t\t\t\t<p>Die von uns veredelten Produkte finden sich weltweit in den unterschiedlichsten Fahrzeugen, Ger\u00e4ten und Armaturen wieder. Wir betreuen Unternehmen und Organisationen aus den unterschiedlichsten Bereichen:<\/p><p>Produzierende und verarbeitende Industrie, Handelsgesellschaften, Vereine und Verb\u00e4nde, Banken und Versicherungen, Werbeagenturen und Designb\u00fcros, Verlage, Ministerien, Stadtverwaltungen. Zu unseren Kunden z\u00e4hlen internationale Unternehmen mit Namen wie\u00a0<strong>Mercedes Benz<\/strong>,\u00a0<strong>VW<\/strong>,\u00a0<strong>BMW<\/strong>,\u00a0<strong>Bosch<\/strong>,\u00a0<strong>Continental<\/strong>,\u00a0<strong>Ziehl-Abegg<\/strong>,\u00a0<strong>D\u00fcrr Dental<\/strong>\u00a0und viele mehr.<\/p>\t\t\t\t\t\t\t\t<\/div>\n\t\t\t\t<\/div>\n\t\t\t\t<\/div>\n\t\t\t\t\t<\/div>\n\t\t\t\t<\/div>\n\t\t<div class=\"elementor-element elementor-element-14c2c27 e-flex e-con-boxed e-con e-parent\" data-id=\"14c2c27\" data-element_type=\"container\" data-settings=\"{&quot;background_background&quot;:&quot;classic&quot;}\">\n\t\t\t\t\t<div class=\"e-con-inner\">\n\t\t<div class=\"elementor-element elementor-element-05bfadd e-con-full e-flex e-con e-child\" data-id=\"05bfadd\" data-element_type=\"container\">\n\t\t\t\t<div class=\"elementor-element elementor-element-69c35ec elementor-widget elementor-widget-heading\" data-id=\"69c35ec\" data-element_type=\"widget\" data-widget_type=\"heading.default\">\n\t\t\t\t<div class=\"elementor-widget-container\">\n\t\t\t\t\t<h2 class=\"elementor-heading-title elementor-size-default\">Chronik<\/h2>\t\t\t\t<\/div>\n\t\t\t\t<\/div>\n\t\t\t\t<div class=\"elementor-element elementor-element-bd4a785 elementor-widget elementor-widget-text-editor\" data-id=\"bd4a785\" data-element_type=\"widget\" data-widget_type=\"text-editor.default\">\n\t\t\t\t<div class=\"elementor-widget-container\">\n\t\t\t\t\t\t\t\t\t<div class=\"fusion-li-item-content\"><ul><li><strong>1987:\u00a0<\/strong>Firmengr\u00fcndung durch Peter Gailing \u2013 auf 8m\u00b2 in die Selbstst\u00e4ndigkeit<\/li><\/ul><\/div><p>\u00a0<\/p><div class=\"fusion-li-item-content\"><ul><li><strong>1988:\u00a0<\/strong>Produktionsr\u00e4ume auf 150m\u00b2 ausgebaut; Vertrieb und Produktion von Werbemitteln<\/li><\/ul><\/div><p>\u00a0<\/p><div class=\"fusion-li-item-content\"><ul><li><strong>1989<\/strong>: Erwerb und Umbau Immobilie Marbacher Weg 78:<\/li><\/ul><p>\u00a0 \u00a0 \u00a0 \u00a0 \u00a0 \u00a0 \u00a0 \u00a0 \u00a0 \u00a0 \u00a0 60m\u00b2 B\u00fcrofl\u00e4che<\/p><p>\u00a0 \u00a0 \u00a0 \u00a0 \u00a0 \u00a0 \u00a0 \u00a0 \u00a0 \u00a0 \u00a0 250m\u00b2 Produktionsfl\u00e4che<\/p><\/div><p>\u00a0<\/p><div class=\"fusion-li-item-content\"><ul><li><strong>1995<\/strong>: Erweiterung der Produktionsfl\u00e4che auf 600m\u00b2<\/li><\/ul><\/div><p>\u00a0<\/p><div class=\"fusion-li-item-content\"><ul><li><strong>2003<\/strong>: Erwerb und Umbau Immobilie Marbacher Weg 80<\/li><\/ul><p>\u00a0 \u00a0 \u00a0 \u00a0 \u00a0 \u00a0 \u00a0 \u00a0 \u00a0 \u00a0 \u00a0 300m\u00b2 B\u00fcrofl\u00e4che<\/p><p>\u00a0 \u00a0 \u00a0 \u00a0 \u00a0 \u00a0 \u00a0 \u00a0 \u00a0 \u00a0 \u00a0 2.000m\u00b2 Produktions- und Lagerfl\u00e4che<\/p><\/div><p>\u00a0<\/p><div class=\"fusion-li-item-content\"><ul><li><strong>2006<\/strong>: Einf\u00fchrung Qualit\u00e4tsmanagement nach DIN ISO 9001<\/li><\/ul><\/div><p>\u00a0<\/p><div class=\"fusion-li-item-content\"><ul><li><strong>2009<\/strong>: CNC-UV-K\u00f6rpersiebdruck ver\u00e4ndert den Markt, Entwicklung und Bau einer 5-Achsen CNC-Siebdruckanlage<\/li><\/ul><\/div><p>\u00a0<\/p><div class=\"fusion-li-item-content\"><ul><li><strong>2012<\/strong>: 25 J\u00e4hriges Firmenjubil\u00e4um<\/li><\/ul><\/div><p>\u00a0<\/p><div class=\"fusion-li-item-content\"><ul><li><strong>2015<\/strong>: Einstieg Tabea und Jens Gailing in das Familienunternehmen<\/li><\/ul><\/div><p>\u00a0<\/p><div class=\"fusion-li-item-content\"><ul><li><strong>2017<\/strong>:\u00a030 J\u00e4hriges Firmenjubil\u00e4um mit gro\u00dfem Sommerfest<\/li><\/ul><p>\u00a0 \u00a0 \u00a0 \u00a0 \u00a0 \u00a0 \u00a0 \u00a0 \u00a0 \u00a0 \u00a0 Installation einer eigens konstruierten 6-Farben UV-Siebdruckanlage f\u00fcr Geh\u00e4usedrucke<\/p><\/div><p>\u00a0<\/p><div class=\"fusion-li-item-content\"><ul><li><strong>2018<\/strong>: Installation einer 4C-Flachdruck-Siebdruckmaschine mit einer Kombination zwischen L\u00f6semittel- und UV-Farben<\/li><\/ul><p>\u00a0 \u00a0 \u00a0 \u00a0 \u00a0 \u00a0 \u00a0 \u00a0 \u00a0 \u00a0 \u00a0 Umbau und Produktionserweiterung im Bereich Digitaldruck um 250m\u00b2<\/p><\/div><p>\u00a0<\/p><div class=\"fusion-li-item-content\"><ul><li><strong>2019<\/strong>: \u00c4nderung der Gesch\u00e4ftsform; Tabea und Jens Gailing werden in die Gesch\u00e4ftsleitung berufen<\/li><\/ul><p>\u00a0 \u00a0 \u00a0 \u00a0 \u00a0 \u00a0 \u00a0 \u00a0 \u00a0 \u00a0 \u00a0 Installation Digitaldrucker f\u00fcr Volumenk\u00f6rper bis zu 23 cm H\u00f6he bei einer Drucktischgr\u00f6\u00dfe von rund 320 x 160 cm<\/p><p>\u00a0 \u00a0 \u00a0 \u00a0 \u00a0 \u00a0 \u00a0 \u00a0 \u00a0 \u00a0 \u00a0 Gro\u00dfe Photovoltaikanlage auf 650 m\u00b2 Dachfl\u00e4che\u00a0 installiert; sie sorgt f\u00fcr \u00f6kologische Stromerzeugung<\/p><p>\u00a0 \u00a0 \u00a0 \u00a0 \u00a0 \u00a0 \u00a0 \u00a0 \u00a0 \u00a0 \u00a0 Weitere CNC-Siebdruckanlage f\u00fcr vollautomatischen 6-farbigen Rundumdruck von Flaschen in Betrieb genommen<\/p><\/div>\t\t\t\t\t\t\t\t<\/div>\n\t\t\t\t<\/div>\n\t\t\t\t<\/div>\n\t\t\t\t\t<\/div>\n\t\t\t\t<\/div>\n\t\t<div class=\"elementor-element elementor-element-b42cdb2 e-flex e-con-boxed e-con e-parent\" data-id=\"b42cdb2\" data-element_type=\"container\" data-settings=\"{&quot;background_background&quot;:&quot;classic&quot;}\">\n\t\t\t\t\t<div class=\"e-con-inner\">\n\t\t<div class=\"elementor-element elementor-element-1df0d2d e-con-full e-flex e-con e-child\" data-id=\"1df0d2d\" data-element_type=\"container\">\n\t\t\t\t<div class=\"elementor-element elementor-element-e57348d elementor-widget elementor-widget-heading\" data-id=\"e57348d\" data-element_type=\"widget\" data-widget_type=\"heading.default\">\n\t\t\t\t<div class=\"elementor-widget-container\">\n\t\t\t\t\t<h2 class=\"elementor-heading-title elementor-size-default\">Unser Qualitatsmanagement<\/h2>\t\t\t\t<\/div>\n\t\t\t\t<\/div>\n\t\t<div class=\"elementor-element elementor-element-c532336 e-flex e-con-boxed e-con e-child\" data-id=\"c532336\" data-element_type=\"container\">\n\t\t\t\t\t<div class=\"e-con-inner\">\n\t\t<div class=\"elementor-element elementor-element-3d12d83 e-con-full e-flex e-con e-child\" data-id=\"3d12d83\" data-element_type=\"container\" data-settings=\"{&quot;background_background&quot;:&quot;classic&quot;}\">\n\t\t\t\t<div class=\"elementor-element elementor-element-e1cf03e elementor-widget elementor-widget-image\" data-id=\"e1cf03e\" data-element_type=\"widget\" data-widget_type=\"image.default\">\n\t\t\t\t<div class=\"elementor-widget-container\">\n\t\t\t\t\t\t\t\t\t\t\t\t\t\t\t<img decoding=\"async\" width=\"516\" height=\"387\" src=\"https:\/\/serene-meninsky.167-71-39-70.plesk.page\/wp-content\/uploads\/2024\/01\/ISO_9001_TUeV_Zertifikat.png\" class=\"attachment-large size-large wp-image-1464\" alt=\"\" srcset=\"https:\/\/serene-meninsky.167-71-39-70.plesk.page\/wp-content\/uploads\/2024\/01\/ISO_9001_TUeV_Zertifikat.png 516w, https:\/\/serene-meninsky.167-71-39-70.plesk.page\/wp-content\/uploads\/2024\/01\/ISO_9001_TUeV_Zertifikat-300x225.png 300w\" sizes=\"(max-width: 516px) 100vw, 516px\" \/>\t\t\t\t\t\t\t\t\t\t\t\t\t\t\t<\/div>\n\t\t\t\t<\/div>\n\t\t\t\t<\/div>\n\t\t<div class=\"elementor-element elementor-element-d8e0200 e-con-full e-flex e-con e-child\" data-id=\"d8e0200\" data-element_type=\"container\" data-settings=\"{&quot;background_background&quot;:&quot;classic&quot;}\">\n\t\t\t\t<div class=\"elementor-element elementor-element-5d7d3c1 elementor-widget elementor-widget-image\" data-id=\"5d7d3c1\" data-element_type=\"widget\" data-widget_type=\"image.default\">\n\t\t\t\t<div class=\"elementor-widget-container\">\n\t\t\t\t\t\t\t\t\t\t\t\t\t\t\t<img decoding=\"async\" width=\"640\" height=\"480\" src=\"https:\/\/serene-meninsky.167-71-39-70.plesk.page\/wp-content\/uploads\/2024\/01\/um-14001_tuv-sudcomms-cert-1.png\" class=\"attachment-large size-large wp-image-1466\" alt=\"\" srcset=\"https:\/\/serene-meninsky.167-71-39-70.plesk.page\/wp-content\/uploads\/2024\/01\/um-14001_tuv-sudcomms-cert-1.png 640w, https:\/\/serene-meninsky.167-71-39-70.plesk.page\/wp-content\/uploads\/2024\/01\/um-14001_tuv-sudcomms-cert-1-300x225.png 300w\" sizes=\"(max-width: 640px) 100vw, 640px\" \/>\t\t\t\t\t\t\t\t\t\t\t\t\t\t\t<\/div>\n\t\t\t\t<\/div>\n\t\t\t\t<\/div>\n\t\t<div class=\"elementor-element elementor-element-31308ab e-con-full e-flex e-con e-child\" data-id=\"31308ab\" data-element_type=\"container\" data-settings=\"{&quot;background_background&quot;:&quot;classic&quot;}\">\n\t\t\t\t<div class=\"elementor-element elementor-element-6382544 elementor-widget elementor-widget-text-editor\" data-id=\"6382544\" data-element_type=\"widget\" data-widget_type=\"text-editor.default\">\n\t\t\t\t<div class=\"elementor-widget-container\">\n\t\t\t\t\t\t\t\t\t<p>Unser Unternehmen ist\u00a0<strong>nach DIN EN ISO 9001\u00a0 und 14001 zertifiziert<\/strong>.<\/p><p>Sie als unsere Kunden profitieren davon, dass f\u00fcr uns\u00a0<strong>h\u00f6chste Qualit\u00e4t, Termintreue, Flexibilit\u00e4t und zuverl\u00e4ssiger Kundenservice die Maxime ist<\/strong>.<\/p>\t\t\t\t\t\t\t\t<\/div>\n\t\t\t\t<\/div>\n\t\t\t\t<\/div>\n\t\t\t\t\t<\/div>\n\t\t\t\t<\/div>\n\t\t\t\t<\/div>\n\t\t\t\t\t<\/div>\n\t\t\t\t<\/div>\n\t\t<div class=\"elementor-element elementor-element-758f65b e-flex e-con-boxed e-con e-parent\" data-id=\"758f65b\" data-element_type=\"container\" data-settings=\"{&quot;background_background&quot;:&quot;classic&quot;}\">\n\t\t\t\t\t<div class=\"e-con-inner\">\n\t\t<div class=\"elementor-element elementor-element-31e428c e-con-full e-flex e-con e-child\" data-id=\"31e428c\" data-element_type=\"container\">\n\t\t\t\t<div class=\"elementor-element elementor-element-f40ec19 elementor-widget elementor-widget-heading\" data-id=\"f40ec19\" data-element_type=\"widget\" data-widget_type=\"heading.default\">\n\t\t\t\t<div class=\"elementor-widget-container\">\n\t\t\t\t\t<h2 class=\"elementor-heading-title elementor-size-default\">Unsere Kunden<\/h2>\t\t\t\t<\/div>\n\t\t\t\t<\/div>\n\t\t\t\t<div class=\"elementor-element elementor-element-d4615ba premium-adv-carousel__infinite premium-adv-carousel__horizontal elementor-widget elementor-widget-premium-media-wheel\" data-id=\"d4615ba\" data-element_type=\"widget\" data-widget_type=\"premium-media-wheel.default\">\n\t\t\t\t<div class=\"elementor-widget-container\">\n\t\t\t\t\t\t\t<div class=\"premium-adv-carousel-no-lightbox premium-adv-carousel__container\" data-settings=\"{&quot;type&quot;:&quot;infinite&quot;,&quot;scroll&quot;:false,&quot;speed&quot;:50,&quot;pauseOnHover&quot;:true,&quot;dir&quot;:&quot;horizontal&quot;,&quot;reverse&quot;:&quot;normal&quot;,&quot;renderEvent&quot;:&quot;scroll&quot;}\">\r\n\r\n\t\t\t<div style=\"visibility:hidden;\" class=\"premium-adv-carousel__inner-container\">\r\n\r\n\t\t\t\t<div class=\"premium-adv-carousel__items\">\r\n\r\n\t\t\t\t\t\t\t\t<div class=\"premium-adv-carousel__item-outer-wrapper\">\r\n\t\t\t\t<div class=\"elementor-repeater-item-b13950f premium-adv-carousel__item premium-adv-carousel__item-image\">\r\n\t\t\t\t\t<div class=\"premium-adv-carousel__media-wrap\">\r\n\t\t\t\t\t\t\t\t\t\t\t\t\t\t<img decoding=\"async\" src=\"\" alt=\"\" class=\"premium-adv-carousel__item-img \">\r\n\t\t\t\t\t\t\t\t\t\t\t\t<\/div>\r\n\r\n\t\t\t\t\t\r\n\t\t\t\t\t\t\t\t\t<\/div>\r\n\t\t\t<\/div>\r\n\t\t\t\t\t\t<div class=\"premium-adv-carousel__item-outer-wrapper\">\r\n\t\t\t\t<div class=\"elementor-repeater-item-5a0a3a7 premium-adv-carousel__item premium-adv-carousel__item-image\">\r\n\t\t\t\t\t<div class=\"premium-adv-carousel__media-wrap\">\r\n\t\t\t\t\t\t\t\t\t\t\t\t\t\t<img decoding=\"async\" src=\"\" alt=\"\" class=\"premium-adv-carousel__item-img \">\r\n\t\t\t\t\t\t\t\t\t\t\t\t<\/div>\r\n\r\n\t\t\t\t\t\r\n\t\t\t\t\t\t\t\t\t<\/div>\r\n\t\t\t<\/div>\r\n\t\t\t\t\t\t<div class=\"premium-adv-carousel__item-outer-wrapper\">\r\n\t\t\t\t<div class=\"elementor-repeater-item-fb13802 premium-adv-carousel__item premium-adv-carousel__item-image\">\r\n\t\t\t\t\t<div class=\"premium-adv-carousel__media-wrap\">\r\n\t\t\t\t\t\t\t\t\t\t\t\t\t\t<img decoding=\"async\" src=\"\" alt=\"\" class=\"premium-adv-carousel__item-img \">\r\n\t\t\t\t\t\t\t\t\t\t\t\t<\/div>\r\n\r\n\t\t\t\t\t\r\n\t\t\t\t\t\t\t\t\t<\/div>\r\n\t\t\t<\/div>\r\n\t\t\t\t\t\t<div class=\"premium-adv-carousel__item-outer-wrapper\">\r\n\t\t\t\t<div class=\"elementor-repeater-item-084ebd5 premium-adv-carousel__item premium-adv-carousel__item-image\">\r\n\t\t\t\t\t<div class=\"premium-adv-carousel__media-wrap\">\r\n\t\t\t\t\t\t\t\t\t\t\t\t\t\t<img decoding=\"async\" src=\"\" alt=\"\" class=\"premium-adv-carousel__item-img \">\r\n\t\t\t\t\t\t\t\t\t\t\t\t<\/div>\r\n\r\n\t\t\t\t\t\r\n\t\t\t\t\t\t\t\t\t<\/div>\r\n\t\t\t<\/div>\r\n\t\t\t\t\t\t<div class=\"premium-adv-carousel__item-outer-wrapper\">\r\n\t\t\t\t<div class=\"elementor-repeater-item-c8a72c7 premium-adv-carousel__item premium-adv-carousel__item-image\">\r\n\t\t\t\t\t<div class=\"premium-adv-carousel__media-wrap\">\r\n\t\t\t\t\t\t\t\t\t\t\t\t\t\t<img decoding=\"async\" src=\"\" alt=\"\" class=\"premium-adv-carousel__item-img \">\r\n\t\t\t\t\t\t\t\t\t\t\t\t<\/div>\r\n\r\n\t\t\t\t\t\r\n\t\t\t\t\t\t\t\t\t<\/div>\r\n\t\t\t<\/div>\r\n\t\t\t\t\t\t\t<\/div>\r\n\t\t\t<\/div>\r\n\t\t<\/div>\r\n\t\t\t\t\t\t<\/div>\n\t\t\t\t<\/div>\n\t\t\t\t<\/div>\n\t\t\t\t\t<\/div>\n\t\t\t\t<\/div>\n\t\t\t\t<\/div>\n\t\t","protected":false},"excerpt":{"rendered":"<p>Unternehmen Geht nicht, gibt&#8217;s nicht! Nach diesem Motto arbeiten wir seit \u00fcber 35 Jahren und haben uns als familiengef\u00fchrtes mittelst\u00e4ndisches Unternehmen \u00fcber die Landesgrenzen hinaus bekannt gemacht. Der Name Sieb- und Tampondruck Gailing KG steht f\u00fcr eine der f\u00fchrenden Druckereien aus dem Mittleren Neckarraum. Modernste, modular aufeinander abgestimmte Produktionsabl\u00e4ufe garantieren unseren Kunden ein Maximum an [&hellip;]<\/p>\n","protected":false},"author":1,"featured_media":0,"parent":0,"menu_order":0,"comment_status":"closed","ping_status":"closed","template":"","meta":{"site-sidebar-layout":"no-sidebar","site-content-layout":"page-builder","ast-site-content-layout":"","site-content-style":"default","site-sidebar-style":"default","ast-global-header-display":"","ast-banner-title-visibility":"","ast-main-header-display":"","ast-hfb-above-header-display":"","ast-hfb-below-header-display":"","ast-hfb-mobile-header-display":"","site-post-title":"disabled","ast-breadcrumbs-content":"disabled","ast-featured-img":"disabled","footer-sml-layout":"","theme-transparent-header-meta":"enabled","adv-header-id-meta":"","stick-header-meta":"","header-above-stick-meta":"","header-main-stick-meta":"","header-below-stick-meta":"","astra-migrate-meta-layouts":"default","ast-page-background-enabled":"default","ast-page-background-meta":{"desktop":{"background-color":"","background-image":"","background-repeat":"repeat","background-position":"center center","background-size":"auto","background-attachment":"scroll","background-type":"","background-media":"","overlay-type":"","overlay-color":"","overlay-opacity":"","overlay-gradient":""},"tablet":{"background-color":"","background-image":"","background-repeat":"repeat","background-position":"center center","background-size":"auto","background-attachment":"scroll","background-type":"","background-media":"","overlay-type":"","overlay-color":"","overlay-opacity":"","overlay-gradient":""},"mobile":{"background-color":"","background-image":"","background-repeat":"repeat","background-position":"center center","background-size":"auto","background-attachment":"scroll","background-type":"","background-media":"","overlay-type":"","overlay-color":"","overlay-opacity":"","overlay-gradient":""}},"ast-content-background-meta":{"desktop":{"background-color":"var(--ast-global-color-5)","background-image":"","background-repeat":"repeat","background-position":"center center","background-size":"auto","background-attachment":"scroll","background-type":"","background-media":"","overlay-type":"","overlay-color":"","overlay-opacity":"","overlay-gradient":""},"tablet":{"background-color":"var(--ast-global-color-5)","background-image":"","background-repeat":"repeat","background-position":"center center","background-size":"auto","background-attachment":"scroll","background-type":"","background-media":"","overlay-type":"","overlay-color":"","overlay-opacity":"","overlay-gradient":""},"mobile":{"background-color":"var(--ast-global-color-5)","background-image":"","background-repeat":"repeat","background-position":"center center","background-size":"auto","background-attachment":"scroll","background-type":"","background-media":"","overlay-type":"","overlay-color":"","overlay-opacity":"","overlay-gradient":""}},"footnotes":""},"class_list":["post-636","page","type-page","status-publish","hentry"],"_links":{"self":[{"href":"https:\/\/serene-meninsky.167-71-39-70.plesk.page\/index.php\/wp-json\/wp\/v2\/pages\/636","targetHints":{"allow":["GET"]}}],"collection":[{"href":"https:\/\/serene-meninsky.167-71-39-70.plesk.page\/index.php\/wp-json\/wp\/v2\/pages"}],"about":[{"href":"https:\/\/serene-meninsky.167-71-39-70.plesk.page\/index.php\/wp-json\/wp\/v2\/types\/page"}],"author":[{"embeddable":true,"href":"https:\/\/serene-meninsky.167-71-39-70.plesk.page\/index.php\/wp-json\/wp\/v2\/users\/1"}],"replies":[{"embeddable":true,"href":"https:\/\/serene-meninsky.167-71-39-70.plesk.page\/index.php\/wp-json\/wp\/v2\/comments?post=636"}],"version-history":[{"count":16,"href":"https:\/\/serene-meninsky.167-71-39-70.plesk.page\/index.php\/wp-json\/wp\/v2\/pages\/636\/revisions"}],"predecessor-version":[{"id":1483,"href":"https:\/\/serene-meninsky.167-71-39-70.plesk.page\/index.php\/wp-json\/wp\/v2\/pages\/636\/revisions\/1483"}],"wp:attachment":[{"href":"https:\/\/serene-meninsky.167-71-39-70.plesk.page\/index.php\/wp-json\/wp\/v2\/media?parent=636"}],"curies":[{"name":"wp","href":"https:\/\/api.w.org\/{rel}","templated":true}]}}